{"id":414,"date":"2019-01-12T02:05:37","date_gmt":"2019-01-12T02:05:37","guid":{"rendered":"http:\/\/hoaonline.local\/?post_type=product&#038;p=414"},"modified":"2019-01-12T02:05:38","modified_gmt":"2019-01-12T02:05:38","slug":"mien-giong-bac","status":"publish","type":"product","link":"https:\/\/webnhahang3.vidoweb.vn\/?product=mien-giong-bac","title":{"rendered":"Mi\u1ebfn giong b\u1eafc"},"content":{"rendered":"<p>Mi\u1ebfn dong N\u00e0 R\u00ec\u00a0c\u00f3 h\u01b0\u01a1ng v\u1ecb \u0111\u1eb7c bi\u1ec7t l\u00e0 nh\u1edd s\u1eed d\u1ee5ng nguy\u00ean li\u1ec7u s\u1ea1ch, thu\u1ea7n khi\u1ebft v\u00e0 \u0111\u01b0\u1ee3c ch\u1ebf bi\u1ebfn theo quy tr\u00ecnh \u0111\u1ea3m b\u1ea3o an to\u00e0n v\u1ec7 sinh th\u1ef1c ph\u1ea9m. \u0110\u1ec3 l\u00e0m ra lo\u1ea1i mi\u1ebfn th\u01a1m ngon n\u00e0y, ng\u01b0\u1eddi th\u1ee3 ph\u1ea3i ch\u1ecdn nh\u1eefng c\u1ee7 dong ri\u1ec1ng to, \u0111\u1ec1u v\u00e0 ngon \u0111\u01b0\u1ee3c tr\u1ed3ng tr\u00ean \u0111\u00e8o \u00c1ng To\u00f2ng \u1edf \u0111\u1ed9 cao tr\u00ean 1000m.<\/p>\n<p><img loading=\"lazy\" decoding=\"async\" class=\"aligncenter wp-image-1787 size-medium lazyloaded lazy-load-active\" src=\"http:\/\/thucphamgiaphuc.vn\/wp-content\/uploads\/2018\/01\/mien-dong-nari-bac-kan-600x400.jpg\" alt=\"\" width=\"600\" height=\"400\" data-src=\"http:\/\/thucphamgiaphuc.vn\/wp-content\/uploads\/2018\/01\/mien-dong-nari-bac-kan-600x400.jpg\" data-was-processed=\"true\" \/><\/p>\n<p>Dong ri\u00ea\u0300ng co\u0300n \u0111\u01b0\u01a1\u0323c go\u0323i la\u0300 khoai ri\u00ea\u0300ng, khoai \u0111ao, kh\u01b0\u01a1ng vu, cu\u0309 tro\u0301c\u2026Dong ri\u00ea\u0300ng\u00a0la\u0300 loa\u0323i c\u00e2y th\u00e2n tha\u0309o, thu\u00f4\u0323c chi nga\u0309i, loa\u0300i Canna edulis, co\u0301 t\u00ean khoa ho\u0323c la\u0300 Canna edulis Ker, ngu\u00f4\u0300n g\u00f4\u0301c Nam My\u0303. La\u0300 loa\u0323i c\u00e2y co\u0301 gia\u0301 tri\u0323 kinh t\u00ea\u0301 va\u0300 co\u0301 nhi\u00ea\u0300u \u01b0\u0301ng du\u0323ng: cu\u0309 \u0111em lu\u00f4\u0323c \u0111\u00ea\u0309 \u0103n, b\u00f4\u0323t dong ri\u00ea\u0300ng co\u0301 th\u00ea\u0309 la\u0300m mi\u00ea\u0301n, ba\u0301nh \u0111a..\u2026<\/p>\n<p><em><strong>CH\u1ea4T L\u01af\u1ee2NG:<\/strong><\/em><\/p>\n<ul>\n<li>M\u00e0u mi\u1ebfn t\u1ef1 nhi\u00ean<\/li>\n<li>S\u1ee3i mi\u1ebfn khi n\u1ea5u ch\u00edn c\u00f3 m\u00f9i th\u01a1m m\u00e1t v\u1ecb dong<\/li>\n<li>S\u1ee3i dai, d\u00f2n, kh\u00f4ng n\u00e1t<\/li>\n<li>Kh\u00f4ng d\u00f9ng h\u00f3a ch\u1ea5t<\/li>\n<li>Kh\u00f4ng ph\u1ea9m m\u00e0u.<\/li>\n<li>Kh\u00f4ng ch\u1ea5t b\u1ea3o qu\u1ea3n.<\/li>\n<\/ul>\n<p><img loading=\"lazy\" decoding=\"async\" class=\"aligncenter wp-image-1789 size-medium lazyloaded lazy-load-active\" src=\"http:\/\/thucphamgiaphuc.vn\/wp-content\/uploads\/2018\/01\/mien-dong-na-ri-bac-can-600x400.jpg\" alt=\"\" width=\"600\" height=\"400\" data-src=\"http:\/\/thucphamgiaphuc.vn\/wp-content\/uploads\/2018\/01\/mien-dong-na-ri-bac-can-600x400.jpg\" data-was-processed=\"true\" \/><\/p>\n<p><em><strong>C\u00c1CH S\u1eec DUNG:<\/strong><\/em><br \/>\nMi\u1ebfn ng\u00e2m n\u01b0\u1edbc l\u1ea1nh 5-10 ph\u00fat v\u1edbt ra \u0111\u1ec3 r\u00e1o n\u01b0\u1edbc sau \u0111\u00f3 c\u00f3 th\u1ec3 n\u1ea5u x\u00e0o t\u00f9y \u00fd.<\/p>\n<p>C\u1ee7 dong ri\u1ec1ng\u00a0\u0111\u01b0\u1ee3c nghi\u1ec1n n\u00e1t \u0111\u1ec3 l\u1ea5y tinh b\u1ed9t. H\u00f2a tinh b\u1ed9t v\u00e0o n\u01b0\u1edbc v\u00e0 l\u1ecdc nhi\u1ec1u l\u1ea7n \u0111\u1ec3 lo\u1ea1i b\u1ecf s\u1ea1n v\u00e0 t\u1ea1p ch\u1ea5t, gi\u00fap cho mi\u1ebfn c\u00f3 m\u00e0u trong. Sau \u0111\u00f3 ng\u01b0\u1eddi ta qu\u1ea5y ch\u00edn 1 ph\u1ea7n b\u1ed9t dong, tr\u1ed9n v\u1edbi b\u1ed9t s\u1ed1ng r\u1ed3i \u0111em \u0111i tr\u00e1ng b\u00e1nh \u0111a. B\u00e1nh \u0111a \u0111\u01b0\u1ee3c \u0111em \u0111i ph\u01a1i r\u1ed3i \u0111\u01b0a v\u00e0o m\u00e1y \u0111\u1ec3 c\u00e1n th\u00e0nh s\u1ee3i mi\u1ebfn. Do l\u00e0m t\u1eeb nguy\u00ean li\u1ec7u nguy\u00ean ch\u1ea5t n\u00ean mi\u1ebfn dong kh\u00f4ng c\u00f3 m\u00e0u tr\u1eafng trong nh\u01b0 c\u00e1c lo\u1ea1i mi\u1ebfn kh\u00e1c m\u00e0 s\u1ee3i mi\u1ebfn h\u01a1i \u0111\u1ee5c v\u00e0 k\u00e9m h\u1ea5p d\u1eabn. B\u00f9 l\u1ea1i, khi n\u1ea5u s\u1ebd cho s\u1ee3i mi\u1ebfn dai, gi\u00f2n, c\u00f3 h\u01b0\u01a1ng th\u01a1m \u0111\u1eb7c tr\u01b0ng c\u1ee7a c\u1ee7 dong, kh\u00f4ng b\u1ecb b\u1edf, kh\u00f4ng c\u00f3 s\u1ea1n.<\/p>\n<p>\u0110\u1ebfn nay, th\u01b0\u01a1ng hi\u1ec7u\u00a0mi\u1ebfn dong C\u00f4n Minh, Na R\u00ec, B\u1eafc K\u1ea1n \u0111\u00e3 tr\u1edf n\u00ean n\u1ed5i ti\u1ebfng \u1edf c\u00e1c t\u1ec9nh mi\u1ec1n n\u00fai ph\u00eda B\u1eafc.Ch\u1ebf bi\u1ebfn mi\u1ebfn dong \u0111\u01b0\u1ee3c coi l\u00e0 m\u1ed9t ngh\u1ec1 truy\u1ec1n th\u1ed1ng c\u1ee7a ng\u01b0\u1eddi d\u00e2n t\u1ed9c T\u00e0y, N\u00f9ng t\u1ea1i huy\u1ec7n Na R\u00ec, t\u1ec9nh B\u1eafc C\u1ea1n.<\/p>\n<p><strong>V\u1edbi quy tr\u00ecnh ch\u1ebf bi\u1ebfn<\/strong>\u00a0t\u1ec9 m\u1ec9, tuy\u1ec7t \u0111\u1ed1i kh\u00f4ng d\u00f9ng h\u00f3a ch\u1ea5t v\u00e0 \u0111\u01b0\u1ee3c ph\u01a1i trong m\u00f4i tr\u01b0\u1eddng trong l\u00e0nh gi\u1eefa b\u1ea1t ng\u00e0n \u0111\u1ed3i n\u00fai n\u00ean s\u1ee3i mi\u1ebfn dong Na R\u00ec ng\u1ecdt, dai, gi\u00f2n, kh\u00f4ng c\u00f3 s\u1ea1n v\u00e0 c\u00f3 h\u01b0\u01a1ng th\u01a1m \u0111\u1eb7c tr\u01b0ng c\u1ee7a b\u1ed9t dong.<\/p>\n<p><img loading=\"lazy\" decoding=\"async\" class=\"aligncenter size-full wp-image-1791 lazy-load-active lazyloading\" src=\"http:\/\/thucphamgiaphuc.vn\/wp-content\/uploads\/2018\/01\/mien-dong-na-ri-xao.jpg\" alt=\"\" width=\"450\" height=\"334\" data-src=\"http:\/\/thucphamgiaphuc.vn\/wp-content\/uploads\/2018\/01\/mien-dong-na-ri-xao.jpg\" data-was-processed=\"true\" \/><\/p>\n<p><strong>Mi\u1ebfn dong<\/strong>\u00a0l\u00e0 lo\u1ea1i th\u1ef1c ph\u1ea9m \u0111\u01b0\u1ee3c nhi\u1ec1u ng\u01b0\u1eddi ti\u00eau d\u00f9ng y\u00eau th\u00edch b\u1edfi h\u01b0\u01a1ng v\u1ecb thanh m\u00e1t, d\u1ec5 \u0103n l\u1ea1i kh\u00f4ng ch\u1ee9a qu\u00e1 nhi\u1ec1u ch\u1ea5t \u0111\u1ea1m v\u00e0 ch\u1ea5t b\u00e9o. Mi\u1ebfn dong l\u00e0 lo\u1ea1i th\u1ef1c ph\u1ea9m xanh, l\u00e0nh m\u1ea1nh, th\u00edch h\u1ee3p cho nh\u1eefng ng\u01b0\u1eddi \u0103n ki\u00eang, ng\u01b0\u1eddi b\u1ecb b\u1ec7nh ti\u1ec3u \u0111\u01b0\u1eddng, ng\u01b0\u1eddi th\u1eeba c\u00e2n v\u00e0 g\u1eb7p v\u1ea5n \u0111\u1ec1 v\u1ec1 c\u00e2n n\u1eb7ng. \u0110\u1eb7c bi\u1ec7t t\u00f9y thu\u1ed9c v\u00e0o kh\u1ea9u v\u1ecb c\u1ee7a m\u1ed7i ng\u01b0\u1eddi m\u00e0 d\u1ec5 d\u00e0ng ch\u1ebf bi\u1ebfn th\u00e0nh nhi\u1ec1u m\u00f3n \u0103n h\u1ea5p d\u1eabn nh\u01b0 mi\u1ebfn x\u00e0o h\u1ea3i s\u1ea3n, mi\u1ebfn n\u1ea5u canh g\u00e0, mi\u1ebfn t\u00f4m, mi\u1ebfn cua\u2026 cung c\u1ea5p \u0111\u1ea7y \u0111\u1ee7 n\u0103ng l\u01b0\u1ee3ng c\u1ea7n thi\u1ebft trong ng\u00e0y m\u00e0 kh\u00f4ng ti\u1ec1m \u1ea9n nguy c\u01a1 g\u00e2y b\u00e9o ph\u00ec.<\/p>\n","protected":false},"excerpt":{"rendered":"<p>Mi\u1ebfn dong N\u00e0 R\u00ec\u00a0c\u00f3 h\u01b0\u01a1ng v\u1ecb \u0111\u1eb7c bi\u1ec7t l\u00e0 nh\u1edd s\u1eed d\u1ee5ng nguy\u00ean li\u1ec7u s\u1ea1ch, thu\u1ea7n khi\u1ebft v\u00e0 \u0111\u01b0\u1ee3c ch\u1ebf bi\u1ebfn theo quy tr\u00ecnh \u0111\u1ea3m b\u1ea3o an to\u00e0n v\u1ec7 sinh th\u1ef1c ph\u1ea9m. \u0110\u1ec3 l\u00e0m ra lo\u1ea1i mi\u1ebfn th\u01a1m ngon n\u00e0y, ng\u01b0\u1eddi th\u1ee3 ph\u1ea3i ch\u1ecdn nh\u1eefng c\u1ee7 dong ri\u1ec1ng to, \u0111\u1ec1u v\u00e0 ngon \u0111\u01b0\u1ee3c tr\u1ed3ng tr\u00ean \u0111\u00e8o \u00c1ng To\u00f2ng \u1edf \u0111\u1ed9 cao tr\u00ean 1000m.<\/p>\n","protected":false},"featured_media":415,"comment_status":"open","ping_status":"closed","template":"","meta":[],"product_brand":[],"product_cat":[53],"product_tag":[],"class_list":{"0":"post-414","1":"product","2":"type-product","3":"status-publish","4":"has-post-thumbnail","6":"product_cat-thuc-pham","8":"first","9":"instock","10":"shipping-taxable","11":"purchasable","12":"product-type-simple"},"yoast_head":"<!-- This site is optimized with the Yoast SEO plugin v27.5 - https:\/\/yoast.com\/product\/yoast-seo-wordpress\/ -->\n<title>Mi\u1ebfn giong b\u1eafc - Nh\u00e0 H\u00e0ng 03<\/title>\n<meta name=\"robots\" content=\"noindex, follow, max-snippet:-1, max-image-preview:large, max-video-preview:-1\" \/>\n<meta property=\"og:locale\" content=\"vi_VN\" \/>\n<meta property=\"og:type\" content=\"article\" \/>\n<meta property=\"og:title\" content=\"Mi\u1ebfn giong b\u1eafc - Nh\u00e0 H\u00e0ng 03\" \/>\n<meta property=\"og:description\" content=\"Mi\u1ebfn dong N\u00e0 R\u00ec\u00a0c\u00f3 h\u01b0\u01a1ng v\u1ecb \u0111\u1eb7c bi\u1ec7t l\u00e0 nh\u1edd s\u1eed d\u1ee5ng nguy\u00ean li\u1ec7u s\u1ea1ch, thu\u1ea7n khi\u1ebft v\u00e0 \u0111\u01b0\u1ee3c ch\u1ebf bi\u1ebfn theo quy tr\u00ecnh \u0111\u1ea3m b\u1ea3o an to\u00e0n v\u1ec7 sinh th\u1ef1c ph\u1ea9m. \u0110\u1ec3 l\u00e0m ra lo\u1ea1i mi\u1ebfn th\u01a1m ngon n\u00e0y, ng\u01b0\u1eddi th\u1ee3 ph\u1ea3i ch\u1ecdn nh\u1eefng c\u1ee7 dong ri\u1ec1ng to, \u0111\u1ec1u v\u00e0 ngon \u0111\u01b0\u1ee3c tr\u1ed3ng tr\u00ean \u0111\u00e8o \u00c1ng To\u00f2ng \u1edf \u0111\u1ed9 cao tr\u00ean 1000m.\" \/>\n<meta property=\"og:url\" content=\"https:\/\/webnhahang3.vidoweb.vn\/?product=mien-giong-bac\" \/>\n<meta property=\"og:site_name\" content=\"Nh\u00e0 H\u00e0ng 03\" \/>\n<meta property=\"article:modified_time\" content=\"2019-01-12T02:05:38+00:00\" \/>\n<meta property=\"og:image\" content=\"https:\/\/webnhahang3.vidoweb.vn\/wp-content\/uploads\/2019\/01\/mien-dong-nari-bac-kan-e1516030921502.jpg\" \/>\n\t<meta property=\"og:image:width\" content=\"1200\" \/>\n\t<meta property=\"og:image:height\" content=\"800\" \/>\n\t<meta property=\"og:image:type\" content=\"image\/jpeg\" \/>\n<meta name=\"twitter:card\" content=\"summary_large_image\" \/>\n<meta name=\"twitter:label1\" content=\"\u01af\u1edbc t\u00ednh th\u1eddi gian \u0111\u1ecdc\" \/>\n\t<meta name=\"twitter:data1\" content=\"4 ph\u00fat\" \/>\n<script type=\"application\/ld+json\" class=\"yoast-schema-graph\">{\"@context\":\"https:\\\/\\\/schema.org\",\"@graph\":[{\"@type\":\"WebPage\",\"@id\":\"https:\\\/\\\/webnhahang3.vidoweb.vn\\\/?product=mien-giong-bac\",\"url\":\"https:\\\/\\\/webnhahang3.vidoweb.vn\\\/?product=mien-giong-bac\",\"name\":\"Mi\u1ebfn giong b\u1eafc - Nh\u00e0 H\u00e0ng 03\",\"isPartOf\":{\"@id\":\"https:\\\/\\\/webnhahang3.vidoweb.vn\\\/#website\"},\"primaryImageOfPage\":{\"@id\":\"https:\\\/\\\/webnhahang3.vidoweb.vn\\\/?product=mien-giong-bac#primaryimage\"},\"image\":{\"@id\":\"https:\\\/\\\/webnhahang3.vidoweb.vn\\\/?product=mien-giong-bac#primaryimage\"},\"thumbnailUrl\":\"https:\\\/\\\/webnhahang3.vidoweb.vn\\\/wp-content\\\/uploads\\\/2019\\\/01\\\/mien-dong-nari-bac-kan-e1516030921502.jpg\",\"datePublished\":\"2019-01-12T02:05:37+00:00\",\"dateModified\":\"2019-01-12T02:05:38+00:00\",\"breadcrumb\":{\"@id\":\"https:\\\/\\\/webnhahang3.vidoweb.vn\\\/?product=mien-giong-bac#breadcrumb\"},\"inLanguage\":\"vi\",\"potentialAction\":[{\"@type\":\"ReadAction\",\"target\":[\"https:\\\/\\\/webnhahang3.vidoweb.vn\\\/?product=mien-giong-bac\"]}]},{\"@type\":\"ImageObject\",\"inLanguage\":\"vi\",\"@id\":\"https:\\\/\\\/webnhahang3.vidoweb.vn\\\/?product=mien-giong-bac#primaryimage\",\"url\":\"https:\\\/\\\/webnhahang3.vidoweb.vn\\\/wp-content\\\/uploads\\\/2019\\\/01\\\/mien-dong-nari-bac-kan-e1516030921502.jpg\",\"contentUrl\":\"https:\\\/\\\/webnhahang3.vidoweb.vn\\\/wp-content\\\/uploads\\\/2019\\\/01\\\/mien-dong-nari-bac-kan-e1516030921502.jpg\",\"width\":1200,\"height\":800},{\"@type\":\"BreadcrumbList\",\"@id\":\"https:\\\/\\\/webnhahang3.vidoweb.vn\\\/?product=mien-giong-bac#breadcrumb\",\"itemListElement\":[{\"@type\":\"ListItem\",\"position\":1,\"name\":\"Trang ch\u1ee7\",\"item\":\"https:\\\/\\\/webnhahang3.vidoweb.vn\\\/\"},{\"@type\":\"ListItem\",\"position\":2,\"name\":\"C\u1eeda h\u00e0ng\",\"item\":\"https:\\\/\\\/webnhahang3.vidoweb.vn\\\/?page_id=6\"},{\"@type\":\"ListItem\",\"position\":3,\"name\":\"Mi\u1ebfn giong b\u1eafc\"}]},{\"@type\":\"WebSite\",\"@id\":\"https:\\\/\\\/webnhahang3.vidoweb.vn\\\/#website\",\"url\":\"https:\\\/\\\/webnhahang3.vidoweb.vn\\\/\",\"name\":\"Nh\u00e0 H\u00e0ng 03\",\"description\":\"\",\"potentialAction\":[{\"@type\":\"SearchAction\",\"target\":{\"@type\":\"EntryPoint\",\"urlTemplate\":\"https:\\\/\\\/webnhahang3.vidoweb.vn\\\/?s={search_term_string}\"},\"query-input\":{\"@type\":\"PropertyValueSpecification\",\"valueRequired\":true,\"valueName\":\"search_term_string\"}}],\"inLanguage\":\"vi\"}]}<\/script>\n<!-- \/ Yoast SEO plugin. -->","yoast_head_json":{"title":"Mi\u1ebfn giong b\u1eafc - Nh\u00e0 H\u00e0ng 03","robots":{"index":"noindex","follow":"follow","max-snippet":"max-snippet:-1","max-image-preview":"max-image-preview:large","max-video-preview":"max-video-preview:-1"},"og_locale":"vi_VN","og_type":"article","og_title":"Mi\u1ebfn giong b\u1eafc - Nh\u00e0 H\u00e0ng 03","og_description":"Mi\u1ebfn dong N\u00e0 R\u00ec\u00a0c\u00f3 h\u01b0\u01a1ng v\u1ecb \u0111\u1eb7c bi\u1ec7t l\u00e0 nh\u1edd s\u1eed d\u1ee5ng nguy\u00ean li\u1ec7u s\u1ea1ch, thu\u1ea7n khi\u1ebft v\u00e0 \u0111\u01b0\u1ee3c ch\u1ebf bi\u1ebfn theo quy tr\u00ecnh \u0111\u1ea3m b\u1ea3o an to\u00e0n v\u1ec7 sinh th\u1ef1c ph\u1ea9m. \u0110\u1ec3 l\u00e0m ra lo\u1ea1i mi\u1ebfn th\u01a1m ngon n\u00e0y, ng\u01b0\u1eddi th\u1ee3 ph\u1ea3i ch\u1ecdn nh\u1eefng c\u1ee7 dong ri\u1ec1ng to, \u0111\u1ec1u v\u00e0 ngon \u0111\u01b0\u1ee3c tr\u1ed3ng tr\u00ean \u0111\u00e8o \u00c1ng To\u00f2ng \u1edf \u0111\u1ed9 cao tr\u00ean 1000m.","og_url":"https:\/\/webnhahang3.vidoweb.vn\/?product=mien-giong-bac","og_site_name":"Nh\u00e0 H\u00e0ng 03","article_modified_time":"2019-01-12T02:05:38+00:00","og_image":[{"width":1200,"height":800,"url":"https:\/\/webnhahang3.vidoweb.vn\/wp-content\/uploads\/2019\/01\/mien-dong-nari-bac-kan-e1516030921502.jpg","type":"image\/jpeg"}],"twitter_card":"summary_large_image","twitter_misc":{"\u01af\u1edbc t\u00ednh th\u1eddi gian \u0111\u1ecdc":"4 ph\u00fat"},"schema":{"@context":"https:\/\/schema.org","@graph":[{"@type":"WebPage","@id":"https:\/\/webnhahang3.vidoweb.vn\/?product=mien-giong-bac","url":"https:\/\/webnhahang3.vidoweb.vn\/?product=mien-giong-bac","name":"Mi\u1ebfn giong b\u1eafc - Nh\u00e0 H\u00e0ng 03","isPartOf":{"@id":"https:\/\/webnhahang3.vidoweb.vn\/#website"},"primaryImageOfPage":{"@id":"https:\/\/webnhahang3.vidoweb.vn\/?product=mien-giong-bac#primaryimage"},"image":{"@id":"https:\/\/webnhahang3.vidoweb.vn\/?product=mien-giong-bac#primaryimage"},"thumbnailUrl":"https:\/\/webnhahang3.vidoweb.vn\/wp-content\/uploads\/2019\/01\/mien-dong-nari-bac-kan-e1516030921502.jpg","datePublished":"2019-01-12T02:05:37+00:00","dateModified":"2019-01-12T02:05:38+00:00","breadcrumb":{"@id":"https:\/\/webnhahang3.vidoweb.vn\/?product=mien-giong-bac#breadcrumb"},"inLanguage":"vi","potentialAction":[{"@type":"ReadAction","target":["https:\/\/webnhahang3.vidoweb.vn\/?product=mien-giong-bac"]}]},{"@type":"ImageObject","inLanguage":"vi","@id":"https:\/\/webnhahang3.vidoweb.vn\/?product=mien-giong-bac#primaryimage","url":"https:\/\/webnhahang3.vidoweb.vn\/wp-content\/uploads\/2019\/01\/mien-dong-nari-bac-kan-e1516030921502.jpg","contentUrl":"https:\/\/webnhahang3.vidoweb.vn\/wp-content\/uploads\/2019\/01\/mien-dong-nari-bac-kan-e1516030921502.jpg","width":1200,"height":800},{"@type":"BreadcrumbList","@id":"https:\/\/webnhahang3.vidoweb.vn\/?product=mien-giong-bac#breadcrumb","itemListElement":[{"@type":"ListItem","position":1,"name":"Trang ch\u1ee7","item":"https:\/\/webnhahang3.vidoweb.vn\/"},{"@type":"ListItem","position":2,"name":"C\u1eeda h\u00e0ng","item":"https:\/\/webnhahang3.vidoweb.vn\/?page_id=6"},{"@type":"ListItem","position":3,"name":"Mi\u1ebfn giong b\u1eafc"}]},{"@type":"WebSite","@id":"https:\/\/webnhahang3.vidoweb.vn\/#website","url":"https:\/\/webnhahang3.vidoweb.vn\/","name":"Nh\u00e0 H\u00e0ng 03","description":"","potentialAction":[{"@type":"SearchAction","target":{"@type":"EntryPoint","urlTemplate":"https:\/\/webnhahang3.vidoweb.vn\/?s={search_term_string}"},"query-input":{"@type":"PropertyValueSpecification","valueRequired":true,"valueName":"search_term_string"}}],"inLanguage":"vi"}]}},"_links":{"self":[{"href":"https:\/\/webnhahang3.vidoweb.vn\/index.php?rest_route=\/wp\/v2\/product\/414","targetHints":{"allow":["GET"]}}],"collection":[{"href":"https:\/\/webnhahang3.vidoweb.vn\/index.php?rest_route=\/wp\/v2\/product"}],"about":[{"href":"https:\/\/webnhahang3.vidoweb.vn\/index.php?rest_route=\/wp\/v2\/types\/product"}],"replies":[{"embeddable":true,"href":"https:\/\/webnhahang3.vidoweb.vn\/index.php?rest_route=%2Fwp%2Fv2%2Fcomments&post=414"}],"wp:featuredmedia":[{"embeddable":true,"href":"https:\/\/webnhahang3.vidoweb.vn\/index.php?rest_route=\/wp\/v2\/media\/415"}],"wp:attachment":[{"href":"https:\/\/webnhahang3.vidoweb.vn\/index.php?rest_route=%2Fwp%2Fv2%2Fmedia&parent=414"}],"wp:term":[{"taxonomy":"product_brand","embeddable":true,"href":"https:\/\/webnhahang3.vidoweb.vn\/index.php?rest_route=%2Fwp%2Fv2%2Fproduct_brand&post=414"},{"taxonomy":"product_cat","embeddable":true,"href":"https:\/\/webnhahang3.vidoweb.vn\/index.php?rest_route=%2Fwp%2Fv2%2Fproduct_cat&post=414"},{"taxonomy":"product_tag","embeddable":true,"href":"https:\/\/webnhahang3.vidoweb.vn\/index.php?rest_route=%2Fwp%2Fv2%2Fproduct_tag&post=414"}],"curies":[{"name":"wp","href":"https:\/\/api.w.org\/{rel}","templated":true}]}}